
-537
In base 2, what is -10 - -10110100110101000010?
10110100110101000000
In base 11, what is 186280 - 5?
186276
In base 2, what is -110100100010 + 1000000110?
-101100011100
In base 10, what is -149228 + 1?
-149227
In base 13, what is -43 + -33893?
-33906
In base 14, what is -357c0 - 4?
-357c4
In base 5, what is -12444 + -13?
-13012
In base 3, what is -10120120 + -102120?
-11000010
In base 6, what is -553223 - 11?
-553234
In base 2, what is -10100 - -111000000?
110101100
In base 8, what is 10 - 16557?
-16547
In base 6, what is -515 + 12013?
11054
In base 13, what is -39 - a12?
-a4b
In base 8, what is -1 + 623433?
623432
In base 8, what is 1 + -1453?
-1452
In base 6, what is -250 + -41123?
-41413
In base 3, what is 11 - 1011010002?
-1011002221
In base 14, what is 88c + 19?
8a7
In base 14, what is -310c7 + 1d?
-310a8
In base 4, what is -2330 - -1000103?
331113
In base 13, what is 556 + 51?
5a7
In base 4, what is -2133 + 3132201?
3130002
In base 13, what is -109219 - 0?
-109219
In base 8, what is 10 + 35734?
35744
In base 8, what is 17 - -415?
434
In base 10, what is 66861 - -1?
66862
In base 5, what is -10034400 + 2?
-10034343
In base 6, what is -302041 - 1?
-302042
In base 14, what is 16 + -6a95?
-6a7d
In base 14, what is -c063 + -3?
-c066
In base 14, what is 319633 - -3?
319636
In base 14, what is -67 - 5088?
-5111
In base 14, what is -319 - -205?
-114
In base 3, what is -20100 - 11212001?
-12002101
In base 14, what is 7 - 4262?
-4259
In base 15, what is 159 + 47a?
5d4
In base 7, what is 14455 + -5?
14450
In base 3, what is -11 - -11101000001?
11100222220
In base 12, what is -a1 - -10423?
10342
In base 6, what is -14 + -31533?
-31551
In base 7, what is -25 + -1242?
-1300
In base 11, what is 1 - -1a776?
1a777
In base 13, what is -14 + 1529?
1515
In base 2, what is 10101000 - 1100100111?
-1001111111
In base 14, what is 74ab5 - -2?
74ab7
In base 13, what is 0 + -a925?
-a925
In base 10, what is 1024761 - -1?
1024762
In base 14, what is 28 + -8c?
-64
In base 14, what is -668 - -95?
-5b3
In base 12, what is 66b8 + -b?
66a9
In base 4, what is -1 - 20023231?
-20023232
In base 2, what is 10110011010010 - 1101?
10110011000101
In base 6, what is -1125 - 2131?
-3300
In base 11, what is 227570a + -2?
2275708
In base 4, what is -2 + 131033?
131031
In base 7, what is 3 + 31645?
31651
In base 11, what is 116524 - -4?
116528
In base 9, what is 2 - 328042?
-328040
In base 4, what is 20020303 + -1?
20020302
In base 11, what is 10a99 - -2?
10aa0
In base 12, what is -381823 + -5?
-381828
In base 12, what is -1a9 - 75?
-262
In base 7, what is -5 - -1053561?
1053553
In base 11, what is -1825a - 2?
-18261
In base 12, what is -19 + 4a419?
4a400
In base 11, what is -4 + 603a?
6036
In base 12, what is 8b54 + -13?
8b41
In base 4, what is 1320 - 1212?
102
In base 7, what is 6110 + 1?
6111
In base 11, what is 151 - -35?
186
In base 8, what is 10 + 113265?
113275
In base 12, what is -6787 - 69?
-6834
In base 10, what is 54994 + -14?
54980
In base 10, what is 17 - -82158?
82175
In base 6, what is 205233 - 2?
205231
In base 13, what is -1868a + 22?
-18668
In base 11, what is 10227 + 4?
10230
In base 8, what is 6512521 + 2?
6512523
In base 13, what is -703 - -13c?
-594
In base 6, what is -10 - -203424?
203414
In base 10, what is 1881 - 5?
1876
In base 14, what is -6257b + 12?
-62569
In base 12, what is bb + -68?
53
In base 4, what is 2 - -132101112?
132101120
In base 3, what is 2 - -111021002?
111021011
In base 5, what is 11323323 - 200?
11323123
In base 4, what is 10 - -231210?
231220
In base 8, what is 325 + 1161?
1506
In base 6, what is 122550 - 2?
122544
In base 8, what is -3356 - -251?
-3105
In base 8, what is -274 + -2672?
-3166
In base 8, what is 0 + 341201?
341201
In base 7, what is 3 - -253441?
253444
In base 12, what is -7bb260 - 1?
-7bb261
In base 2, what is 111000000101110100 - -100?
111000000101111000
In base 2, what is -11000110110 + 110001?
-11000000101
In base 10, what is 342 - -37?
379
In base 7, what is -60 - -424260?
424200
In base 7, what is -2 + 35345?
35343
In base 6, what is -23100 - 424?
-23524
In base 11, what is 13195 - 161?
13034
In base 13, what is 112b26a + -5?
112b265
In base 2, what is -101 + -11111011001111101?
-11111011010000010
In base 15, what is 0 + 4103?
4103
In base 2, what is -11 - 1001111111000001000?
-1001111111000001011
In base 9, what is -4717 - 7?
-4725
In base 13, what is -4 + -19ca?
-1a01
In base 6, what is 2 - 521331?
-521325
In base 12, what is 0 + -813?
-813
In base 10, what is 6793 - -16?
6809
In base 15, what is -2a5d5 + 2d?
-2a5a7
In base 15, what is -1186d1 - 5?
-1186d6
In base 9, what is 0 - -4214?
4214
In base 12, what is 3 - -245989?
245990
In base 15, what is -28b2 + -3?
-28b5
In base 13, what is -b2aa6 - 4?
-b2aaa
In base 3, what is -2 - -1101122100?
1101122021
In base 12, what is -9 - 9694b?
-96958
In base 7, what is -101516 + -3?
-101522
In base 5, what is -122 + 332?
210
In base 14, what is -7 - 4c8a?
-4c93
In base 12, what is -b + -4b02?
-4b11
In base 8, what is 22 + 105?
127
In base 6, what is 0 - -10122414?
10122414
In base 6, what is 15351 + 15?
15410
In base 3, what is -1001021 - 22211?
-1101002
In base 9, what is 11454 - -5?
11460
In base 12, what is 3a59 + 0?
3a59
In base 4, what is -130 - 102300?
-103030
In base 7, what is 0 - 23255?
-23255
In base 16, what is 1 + -7ddf?
-7dde
In base 14, what is -8d8 - 69?
-963
In base 9, what is -6867 + 152?
-6715
In base 9, what is -150 + 3083?
2833
In base 10, what is -146279 - -2?
-146277
In base 13, what is -58bc90 + 3?
-58bc8a
In base 7, what is -1533 + -26?
-1562
In base 5, what is 0 + -231011?
-231011
In base 7, what is 40 + -10040?
-10000
In base 14, what is 0 - -49839?
49839
In base 2, what is -10100111111011100 + 1111?
-10100111111001101
In base 4, what is -1001310 - 10321?
-1012231
In base 16, what is 2 + -ff100?
-ff0fe
In base 5, what is 1 - -42402403?
42402404
In base 12, what is -63 + 871?
80a
In base 8, what is 30 - -3721?
3751
In base 14, what is c46a - 7?
c463
In base 13, what is 1b49 - -300?
2149
In base 4, what is 103310133 - 112?
103310021
In base 6, what is -2014 + 4102?
2044
In base 7, what is 630 - 1236?
-306
In base 16, what is -33 + e87?
e54
In base 16, what is 267 + -54?
213
In base 7, what is -25 + -5113?
-5141
In base 13, what is -4 - 928a?
-9291
In base 4, what is 121330200 + -11?
121330123
In base 4, what is -12 - -12210123?
12210111
In base 5, what is -423341 + -32?
-423423
In base 11, what is 156 - -439?
594
In base 8, what is -2 + -2227530?
-2227532
In base 16, what is -55 - 6c0?
-715
In base 8, what is -1 + -31216?
-31217
In base 3, what is 12 - 20101101110?
-20101101021
In base 11, what is -3 + -15232?
-15235
In base 15, what is -10 + -219b?
-21ab
In base 16, what is 4de9b + -a?
4de91
In base 16, what is d21 - 1?
d20
In base 2, what is 0 + -111010010011001?
-111010010011001
In base 9, what is 56 + -34705?
-34638
In base 9, what is 14266 + -63?
14203
In base 16, what is -1 + 1ef68?
1ef67
In base 13, what is 12c - -334?
463
In base 13, what is -9 - 7a5?
-7b1
In base 12, what is 3 - -34a76?
34a79
In base 14, what is 1156 + 641?
1797
In base 15, what is -5 + 2ab6?
2ab1
In base 3, what is -102 - 12200202012?
-12200202121
In base 5, what is 11123324 + 2?
11123331
In base 4, what is 2033 + -231132?
-223033
In base 12, what is -302 - 84?
-386
In base 8, what is 111077 - 151?
110726
In base 5, what is 30423 - -232?
31210
In base 15, what is 1 - -5319?
531a
In base 10, what is -187438 + 3?
-187435
In base 12, what is 5804 + -2?
5802
In base 6, what is 111414 - 4?
111410
In base 8, what is -544061 - 3?
-544064
In base 4, what is 2232 - 31?
2201
In base 2, what is -101 - -10000011110010101?
10000011110010000
In base 10, what is -2713235 - -1?
-2713234
In base 9, what is -66353 + -11?
-66364
In base 12, what is 8a5b9 - -4?
8a601
In base 14, what is 5 - 9642?
-963b
In base 6, what is -131 + 3151432?
3151301
In base 5, what is 144132 + -213?
143414
In base 11, what is 6129 + 58?
6186
In base 9, what is -1025 + 10?
-1015
In base 12, what is 43107 - -5?
43110
In base 7, what is 5316 + -130?
5156
In base 5, what is 2040 + -1024?
1011
In base 10, what is 1091 + -141?
950
In base 16, what is -2 + -2bafc?
-2bafe
In base 14, what is 2074 + -9?
2069
In bas